{"id":473,"date":"2025-06-26T18:51:42","date_gmt":"2025-06-26T16:51:42","guid":{"rendered":"https:\/\/www.eduard-winter-kinderstiftung.berlin\/wordpress\/?page_id=473"},"modified":"2025-06-26T18:51:42","modified_gmt":"2025-06-26T16:51:42","slug":"projekte-2024","status":"publish","type":"page","link":"https:\/\/www.eduard-winter-kinderstiftung.berlin\/wordpress\/projekte-2024\/","title":{"rendered":"Projekte 2024"},"content":{"rendered":"\n<p class=\"has-black-color has-text-color\">\u201e<strong>Miete Warschauer Str. 17\u201c mit Stra\u00dfenkinder e.V.<\/strong><\/p>\n\n\n\n<p class=\"has-black-color has-text-color\">Der Verein f\u00f6rdert sozial benachteiligte Kinder durch Bildung und gesellschaftliche Teilhabe und verhindert so, dass sie auf der Stra\u00dfe landen. Stra\u00dfenkinder e.V. geht aktiv gegen Kinder- und Bildungsarmut vor, und betreut in seinem Kinder- und Jugendhaus \u201eBolle\u201c t\u00e4glich bis zu 150 Kinder und Jugendliche mit einem abgestimmten Freizeit- und Bildungsangebot. Au\u00dferdem betreibt der Verein in der Warschauer Str. 17 in Berlin-Friedrichshain eine Anlaufstelle, insbesondere f\u00fcr Jugendliche zwischen 14 und 18 Jahren.<\/p>\n\n\n\n<p class=\"has-black-color has-text-color\">Durch unsere Spende wurden die Kaltmietkosten der Anlaufstelle f\u00fcr insgesamt 1 Jahr bezahlt. Die Anlaufstelle \u201eW17\u201c wird t\u00e4glich von bis zu 40 Jugendlichen besucht, die sich dort aufw\u00e4rmen, duschen, die Hilfsangebote \u2013 z. B. im Umgang mit den Beh\u00f6rden \u2013 annehmen oder sich einfach nur ein bisschen mit den anderen Besucherinnen und Besuchern bzw. dem Personal austauschen wollen.<\/p>\n\n\n\n<p class=\"has-black-color has-text-color\">\u201e<strong>Inklusives Kinderbuch\u201c mit Anders Sehen e.V.<\/strong><\/p>\n\n\n\n<p class=\"has-black-color has-text-color\"><a><\/a> Der Verein engagiert sich f\u00fcr die Integration blinder und stark sehbehinderter Kinder. Er organisiert z. B. Mobilit\u00e4ts- und Klicksonar-Trainings mit dem bekannten blinden Perceptual Mobility Trainer Juan Ruiz, der international f\u00fcr seine Trainingsmethoden gebucht wird.<\/p>\n\n\n\n<p class=\"has-black-color has-text-color\">Durch unsere Spende finanzierten wir die Produktion des taktilen Kinderbuchs \u201e\u00d3u est Spot?\u201c f\u00fcr blinde und stark sehbehinderte Kinder mit einer Auflage von 207 St\u00fcck.<\/p>\n\n\n\n<p class=\"has-black-color has-text-color\">\u201e<strong>Mein Weg in Schule und Beruf\u201c <\/strong><strong>mit dem Multikulturelles Jugend- und Integrationszentrum (MJI) e.V.<\/strong><\/p>\n\n\n\n<p class=\"has-black-color has-text-color\">Der Verein will einen Beitrag zur Integration von Migranten leisten und den sozialen Zusammenhalt in unserer Gesellschaft f\u00f6rdern. Durch Unterst\u00fctzung der Kinder und Jugendlichen mit und ohne Migrationshintergrund tr\u00e4gt er dazu bei, insbesondere Kindern aus sozial schwachen Familien bessere Zukunftsperspektiven zu erm\u00f6glichen.<\/p>\n\n\n\n<p class=\"has-black-color has-text-color\">Auch in 2024 f\u00f6rderten wir durch unsere Spende das integrative Nachhilfeprojekt des Vereins. Bei dieser speziellen Form der Unterst\u00fctzung in schulischen Belangen, seien es Hausaufgabenprobleme oder generelle Lernschwierigkeiten, wird an 4 Tagen in der Woche f\u00fcr jeweils insgesamt 4 Stunden allen Kindern und Jugendlichen die M\u00f6glichkeit gegeben, unter fachkundiger ehrenamtlicher Betreuung und mit Unterst\u00fctzung durch den Einsatz geeigneter Computerprogramme ihre Arbeiten zu erledigen und die ben\u00f6tigte Hilfestellung zu bekommen. Die hierdurch erlangte Sicherheit in schulischen Belangen verbessert nicht nur die Notensituation der Kinder, sie st\u00e4rkt auch deren Selbstbewusstsein nachhaltig.<\/p>\n\n\n\n<p class=\"has-black-color has-text-color\">\u201e<strong>Renovierung der Begegnungsr\u00e4ume in Berlin-Marienfelde\u201c mit Vemit e.V.<\/strong><\/p>\n\n\n\n<p class=\"has-black-color has-text-color\">Der Verein betreibt Einrichtungen f\u00fcr multidisziplin\u00e4re und integrative Hilfen und er\u00f6ffnete 2023 im ehemaligen Notaufnahmelager Marienfelde eine neue Beratungs- und Begegnungsst\u00e4tte f\u00fcr derzeit etwa 700 Gefl\u00fcchtete aus im Moment 10 L\u00e4ndern. Da sich die dortigen R\u00e4ume in keinem guten Zustand befanden, haben wir durch unsere Spende gern deren Renovierung erm\u00f6glicht, so dass die dort bereits lebenden und neu eintreffenden gefl\u00fcchteten Kinder mit ihren Familien nunmehr in einem angenehmeren Umfeld ankommen und die vielf\u00e4ltigen Beratungsm\u00f6glichkeiten des Vereins in Anspruch nehmen k\u00f6nnen.<\/p>\n","protected":false},"excerpt":{"rendered":"<p>\u201eMiete Warschauer Str. 17\u201c mit Stra\u00dfenkinder e.V. Der Verein f\u00f6rdert sozial benachteiligte Kinder durch Bildung und gesellschaftliche Teilhabe und verhindert so, dass sie auf der Stra\u00dfe landen. Stra\u00dfenkinder e.V. geht aktiv gegen Kinder- und Bildungsarmut vor, und betreut in seinem<\/p>\n","protected":false},"author":1,"featured_media":0,"parent":0,"menu_order":0,"comment_status":"closed","ping_status":"closed","template":"","meta":[],"_links":{"self":[{"href":"https:\/\/www.eduard-winter-kinderstiftung.berlin\/wordpress\/wp-json\/wp\/v2\/pages\/473"}],"collection":[{"href":"https:\/\/www.eduard-winter-kinderstiftung.berlin\/wordpress\/wp-json\/wp\/v2\/pages"}],"about":[{"href":"https:\/\/www.eduard-winter-kinderstiftung.berlin\/wordpress\/wp-json\/wp\/v2\/types\/page"}],"author":[{"embeddable":true,"href":"https:\/\/www.eduard-winter-kinderstiftung.berlin\/wordpress\/wp-json\/wp\/v2\/users\/1"}],"replies":[{"embeddable":true,"href":"https:\/\/www.eduard-winter-kinderstiftung.berlin\/wordpress\/wp-json\/wp\/v2\/comments?post=473"}],"version-history":[{"count":1,"href":"https:\/\/www.eduard-winter-kinderstiftung.berlin\/wordpress\/wp-json\/wp\/v2\/pages\/473\/revisions"}],"predecessor-version":[{"id":475,"href":"https:\/\/www.eduard-winter-kinderstiftung.berlin\/wordpress\/wp-json\/wp\/v2\/pages\/473\/revisions\/475"}],"wp:attachment":[{"href":"https:\/\/www.eduard-winter-kinderstiftung.berlin\/wordpress\/wp-json\/wp\/v2\/media?parent=473"}],"curies":[{"name":"wp","href":"https:\/\/api.w.org\/{rel}","templated":true}]}}

<p class="has-black-color has-text-color">„<strong>Miete Warschauer Str. 17“ mit Straßenkinder e.V.</strong></p>



<p class="has-black-color has-text-color">Der Verein fördert sozial benachteiligte Kinder durch Bildung und gesellschaftliche Teilhabe und verhindert so, dass sie auf der Straße landen. Straßenkinder e.V. geht aktiv gegen Kinder- und Bildungsarmut vor, und betreut in seinem Kinder- und Jugendhaus „Bolle“ täglich bis zu 150 Kinder und Jugendliche mit einem abgestimmten Freizeit- und Bildungsangebot. Außerdem betreibt der Verein in der Warschauer Str. 17 in Berlin-Friedrichshain eine Anlaufstelle, insbesondere für Jugendliche zwischen 14 und 18 Jahren.</p>



<p class="has-black-color has-text-color">Durch unsere Spende wurden die Kaltmietkosten der Anlaufstelle für insgesamt 1 Jahr bezahlt. Die Anlaufstelle „W17“ wird täglich von bis zu 40 Jugendlichen besucht, die sich dort aufwärmen, duschen, die Hilfsangebote – z. B. im Umgang mit den Behörden – annehmen oder sich einfach nur ein bisschen mit den anderen Besucherinnen und Besuchern bzw. dem Personal austauschen wollen.</p>



<p class="has-black-color has-text-color">„<strong>Inklusives Kinderbuch“ mit Anders Sehen e.V.</strong></p>



<p class="has-black-color has-text-color"><a></a> Der Verein engagiert sich für die Integration blinder und stark sehbehinderter Kinder. Er organisiert z. B. Mobilitäts- und Klicksonar-Trainings mit dem bekannten blinden Perceptual Mobility Trainer Juan Ruiz, der international für seine Trainingsmethoden gebucht wird.</p>



<p class="has-black-color has-text-color">Durch unsere Spende finanzierten wir die Produktion des taktilen Kinderbuchs „Óu est Spot?“ für blinde und stark sehbehinderte Kinder mit einer Auflage von 207 Stück.</p>



<p class="has-black-color has-text-color">„<strong>Mein Weg in Schule und Beruf“ </strong><strong>mit dem Multikulturelles Jugend- und Integrationszentrum (MJI) e.V.</strong></p>



<p class="has-black-color has-text-color">Der Verein will einen Beitrag zur Integration von Migranten leisten und den sozialen Zusammenhalt in unserer Gesellschaft fördern. Durch Unterstützung der Kinder und Jugendlichen mit und ohne Migrationshintergrund trägt er dazu bei, insbesondere Kindern aus sozial schwachen Familien bessere Zukunftsperspektiven zu ermöglichen.</p>



<p class="has-black-color has-text-color">Auch in 2024 förderten wir durch unsere Spende das integrative Nachhilfeprojekt des Vereins. Bei dieser speziellen Form der Unterstützung in schulischen Belangen, seien es Hausaufgabenprobleme oder generelle Lernschwierigkeiten, wird an 4 Tagen in der Woche für jeweils insgesamt 4 Stunden allen Kindern und Jugendlichen die Möglichkeit gegeben, unter fachkundiger ehrenamtlicher Betreuung und mit Unterstützung durch den Einsatz geeigneter Computerprogramme ihre Arbeiten zu erledigen und die benötigte Hilfestellung zu bekommen. Die hierdurch erlangte Sicherheit in schulischen Belangen verbessert nicht nur die Notensituation der Kinder, sie stärkt auch deren Selbstbewusstsein nachhaltig.</p>



<p class="has-black-color has-text-color">„<strong>Renovierung der Begegnungsräume in Berlin-Marienfelde“ mit Vemit e.V.</strong></p>



<p class="has-black-color has-text-color">Der Verein betreibt Einrichtungen für multidisziplinäre und integrative Hilfen und eröffnete 2023 im ehemaligen Notaufnahmelager Marienfelde eine neue Beratungs- und Begegnungsstätte für derzeit etwa 700 Geflüchtete aus im Moment 10 Ländern. Da sich die dortigen Räume in keinem guten Zustand befanden, haben wir durch unsere Spende gern deren Renovierung ermöglicht, so dass die dort bereits lebenden und neu eintreffenden geflüchteten Kinder mit ihren Familien nunmehr in einem angenehmeren Umfeld ankommen und die vielfältigen Beratungsmöglichkeiten des Vereins in Anspruch nehmen können.</p>

<p>„Miete Warschauer Str. 17“ mit Straßenkinder e.V. Der Verein fördert sozial benachteiligte Kinder durch Bildung und gesellschaftliche Teilhabe und verhindert so, dass sie auf der Straße landen. Straßenkinder e.V. geht aktiv gegen Kinder- und Bildungsarmut vor, und betreut in seinem</p>
