{"id":470,"date":"2025-06-26T18:51:06","date_gmt":"2025-06-26T16:51:06","guid":{"rendered":"https:\/\/www.eduard-winter-kinderstiftung.berlin\/wordpress\/?page_id=470"},"modified":"2025-06-26T18:51:07","modified_gmt":"2025-06-26T16:51:07","slug":"projekte-2023","status":"publish","type":"page","link":"https:\/\/www.eduard-winter-kinderstiftung.berlin\/wordpress\/projekte-2023\/","title":{"rendered":"Projekte 2023"},"content":{"rendered":"\n<p class=\"has-black-color has-text-color\"><strong>Miete Therapier\u00e4ume (Lebensnah e.V.)<\/strong><\/p>\n\n\n\n<p class=\"has-black-color has-text-color\">Der Verein bietet unter anderem spezialisierte Angebote f\u00fcr Menschen mit H\u00f6r- und Spracheinschr\u00e4nkungen, darunter viele Kinder.<\/p>\n\n\n\n<p class=\"has-black-color has-text-color\">Um ihnen m\u00f6glichst effizient zu helfen und ihrem Umfeld (Familie, Freunde, Erzieher\/innen, Lehrer\/innen) die speziellen Bed\u00fcrfnisse n\u00e4herzubringen, werden durch den Verein im Berliner \u201eZentrum f\u00fcr Kommunikation &amp; Beratung\u201c verschiedene Beratungen angeboten. Durch unsere Spende haben wir gern die anteilige Miete f\u00fcr das Jahr 2023 f\u00fcr die Beratungsr\u00e4ume im Zentrum \u00fcbernommen.<\/p>\n\n\n\n<p class=\"has-black-color has-text-color\">\u201e<strong>Reittherapie\u201c (Tannenhof Berlin-Brandenburg e.V.)<\/strong><\/p>\n\n\n\n<p class=\"has-black-color has-text-color\">Der Verein unterst\u00fctzt Kinder aus benachteiligten Lebenssituationen. Die Belastungen k\u00f6nnen so stark sein, dass die Kinder zeitweilig nicht zu Hause leben k\u00f6nnen. Es leben ca. 15 Kinder im Grundschulalter in Kinderwohngruppen bei dem Tr\u00e4ger, viele weitere werden in sogenannten Tageswohngruppen betreut.<\/p>\n\n\n\n<p class=\"has-black-color has-text-color\">Durch unsere Spende konnten 16 Kinder aus den Kinderwohngruppen des Vereins ein halbes Jahr lang regelm\u00e4\u00dfig im 14-t\u00e4gigem Wechsel an therapeutischem Reiten in kleinen Gruppen teilnehmen. Diese Therapie hat einen positiven Einfluss auf die individuelle und soziale Entwicklung der Kinder, sie bauen wieder mehr Vertrauen zu anderen Menschen auf und steigern durch den eigenverantwortlichen Umgang mit \u201eihren\u201c Pferden auch ihr eigenes Selbstwertgef\u00fchl.<\/p>\n\n\n\n<p class=\"has-black-color has-text-color\">\u201e<strong>Ausstattung Spielzimmer\u201c (NierenKinder Berlin-Brandenburg e.V.)<\/strong><\/p>\n\n\n\n<p class=\"has-black-color has-text-color\">Der Verein ist eine Selbsthilfegruppe f\u00fcr Familien mit nierenkranken Kindern und Jugendlichen, die vor allem in der Berliner Charit\u00e9 und dem KfH ambulant und station\u00e4r betreut werden.<\/p>\n\n\n\n<p class=\"has-black-color has-text-color\">Durch unsere Spende erm\u00f6glichten wir es dem Verein, die Station 26 der Kinderklinik der Berliner Charit\u00e9 auf dem Gel\u00e4nde des Rudolf Virchow Klinikums mit neuem, kindgerechtem Mobiliar und einem interaktiven Spieltisch auszustatten, um die langen Aufenthalte dort u. a. auch f\u00fcr die nichterkrankten Geschwisterkinder ertr\u00e4glicher zu machen.<\/p>\n\n\n\n<p class=\"has-black-color has-text-color\">\u201e<strong>Segelt\u00f6rns f\u00fcr benachteiligte Kinder und Jugendliche \u201c (JULI Jugendhilfe in Lichtenberg gGmbH)<\/strong><\/p>\n\n\n\n<p class=\"has-black-color has-text-color\">Die gGmbH f\u00fchrt in Kooperation mit dem Hanne Marie Segeln e.V. seit mehreren Jahren regelm\u00e4\u00dfig Segelt\u00f6rns f\u00fcr benachteiligte Kinder und Jugendliche aus dem Bezirk Berlin-Lichtenberg durch.<\/p>\n\n\n\n<p class=\"has-black-color has-text-color\">Mit unserer Spende haben wir im Jahr 2023 zwei dieser Segelt\u00f6rns finanziert, an denen mehrere Kinder im Alter von 11-12 Jahren teilnehmen konnten. Die Teilnahme an einem Segelt\u00f6rn, der Mut, sich auf etwas ganz Neues einzulassen, f\u00f6rderte bei allen Teilnehmer\/innen das Selbstwertgef\u00fchl und die Selbstst\u00e4ndigkeit. Erfahrungen, die sie nun hoffentlich auch in ihren Alltag \u00fcbernehmen k\u00f6nnen.<\/p>\n\n\n\n<p class=\"has-black-color has-text-color\">\u201e<strong>Clownsvisiten\u201c (Rote Nasen e.V.)<\/strong><\/p>\n\n\n\n<p class=\"has-black-color has-text-color\">Der Verein Rote Nasen e.V. wurde 2003 gegr\u00fcndet. Die Clownsvisiten insbesondere in Krankenh\u00e4usern helfen den dort behandelten Kindern und Jugendlichen dabei, die Zeit dort besser zu \u00fcberstehen und f\u00fcr eine kleine Weile den anstrengenden und bisweilen schmerzhaften Alltag mit ihren Erkrankungen zu vergessen.<\/p>\n\n\n\n<p class=\"has-black-color has-text-color\">Die Clownsvisiten st\u00e4rken die psychosoziale Gesundheit der jungen Patienten und tragen damit auch zu einer kindgerechten Krankenhausversorgung bei.<\/p>\n","protected":false},"excerpt":{"rendered":"<p>Miete Therapier\u00e4ume (Lebensnah e.V.) Der Verein bietet unter anderem spezialisierte Angebote f\u00fcr Menschen mit H\u00f6r- und Spracheinschr\u00e4nkungen, darunter viele Kinder. Um ihnen m\u00f6glichst effizient zu helfen und ihrem Umfeld (Familie, Freunde, Erzieher\/innen, Lehrer\/innen) die speziellen Bed\u00fcrfnisse n\u00e4herzubringen, werden durch den<\/p>\n","protected":false},"author":1,"featured_media":0,"parent":0,"menu_order":0,"comment_status":"closed","ping_status":"closed","template":"","meta":[],"_links":{"self":[{"href":"https:\/\/www.eduard-winter-kinderstiftung.berlin\/wordpress\/wp-json\/wp\/v2\/pages\/470"}],"collection":[{"href":"https:\/\/www.eduard-winter-kinderstiftung.berlin\/wordpress\/wp-json\/wp\/v2\/pages"}],"about":[{"href":"https:\/\/www.eduard-winter-kinderstiftung.berlin\/wordpress\/wp-json\/wp\/v2\/types\/page"}],"author":[{"embeddable":true,"href":"https:\/\/www.eduard-winter-kinderstiftung.berlin\/wordpress\/wp-json\/wp\/v2\/users\/1"}],"replies":[{"embeddable":true,"href":"https:\/\/www.eduard-winter-kinderstiftung.berlin\/wordpress\/wp-json\/wp\/v2\/comments?post=470"}],"version-history":[{"count":1,"href":"https:\/\/www.eduard-winter-kinderstiftung.berlin\/wordpress\/wp-json\/wp\/v2\/pages\/470\/revisions"}],"predecessor-version":[{"id":471,"href":"https:\/\/www.eduard-winter-kinderstiftung.berlin\/wordpress\/wp-json\/wp\/v2\/pages\/470\/revisions\/471"}],"wp:attachment":[{"href":"https:\/\/www.eduard-winter-kinderstiftung.berlin\/wordpress\/wp-json\/wp\/v2\/media?parent=470"}],"curies":[{"name":"wp","href":"https:\/\/api.w.org\/{rel}","templated":true}]}}

<p class="has-black-color has-text-color"><strong>Miete Therapieräume (Lebensnah e.V.)</strong></p>



<p class="has-black-color has-text-color">Der Verein bietet unter anderem spezialisierte Angebote für Menschen mit Hör- und Spracheinschränkungen, darunter viele Kinder.</p>



<p class="has-black-color has-text-color">Um ihnen möglichst effizient zu helfen und ihrem Umfeld (Familie, Freunde, Erzieher/innen, Lehrer/innen) die speziellen Bedürfnisse näherzubringen, werden durch den Verein im Berliner „Zentrum für Kommunikation &amp; Beratung“ verschiedene Beratungen angeboten. Durch unsere Spende haben wir gern die anteilige Miete für das Jahr 2023 für die Beratungsräume im Zentrum übernommen.</p>



<p class="has-black-color has-text-color">„<strong>Reittherapie“ (Tannenhof Berlin-Brandenburg e.V.)</strong></p>



<p class="has-black-color has-text-color">Der Verein unterstützt Kinder aus benachteiligten Lebenssituationen. Die Belastungen können so stark sein, dass die Kinder zeitweilig nicht zu Hause leben können. Es leben ca. 15 Kinder im Grundschulalter in Kinderwohngruppen bei dem Träger, viele weitere werden in sogenannten Tageswohngruppen betreut.</p>



<p class="has-black-color has-text-color">Durch unsere Spende konnten 16 Kinder aus den Kinderwohngruppen des Vereins ein halbes Jahr lang regelmäßig im 14-tägigem Wechsel an therapeutischem Reiten in kleinen Gruppen teilnehmen. Diese Therapie hat einen positiven Einfluss auf die individuelle und soziale Entwicklung der Kinder, sie bauen wieder mehr Vertrauen zu anderen Menschen auf und steigern durch den eigenverantwortlichen Umgang mit „ihren“ Pferden auch ihr eigenes Selbstwertgefühl.</p>



<p class="has-black-color has-text-color">„<strong>Ausstattung Spielzimmer“ (NierenKinder Berlin-Brandenburg e.V.)</strong></p>



<p class="has-black-color has-text-color">Der Verein ist eine Selbsthilfegruppe für Familien mit nierenkranken Kindern und Jugendlichen, die vor allem in der Berliner Charité und dem KfH ambulant und stationär betreut werden.</p>



<p class="has-black-color has-text-color">Durch unsere Spende ermöglichten wir es dem Verein, die Station 26 der Kinderklinik der Berliner Charité auf dem Gelände des Rudolf Virchow Klinikums mit neuem, kindgerechtem Mobiliar und einem interaktiven Spieltisch auszustatten, um die langen Aufenthalte dort u. a. auch für die nichterkrankten Geschwisterkinder erträglicher zu machen.</p>



<p class="has-black-color has-text-color">„<strong>Segeltörns für benachteiligte Kinder und Jugendliche “ (JULI Jugendhilfe in Lichtenberg gGmbH)</strong></p>



<p class="has-black-color has-text-color">Die gGmbH führt in Kooperation mit dem Hanne Marie Segeln e.V. seit mehreren Jahren regelmäßig Segeltörns für benachteiligte Kinder und Jugendliche aus dem Bezirk Berlin-Lichtenberg durch.</p>



<p class="has-black-color has-text-color">Mit unserer Spende haben wir im Jahr 2023 zwei dieser Segeltörns finanziert, an denen mehrere Kinder im Alter von 11-12 Jahren teilnehmen konnten. Die Teilnahme an einem Segeltörn, der Mut, sich auf etwas ganz Neues einzulassen, förderte bei allen Teilnehmer/innen das Selbstwertgefühl und die Selbstständigkeit. Erfahrungen, die sie nun hoffentlich auch in ihren Alltag übernehmen können.</p>



<p class="has-black-color has-text-color">„<strong>Clownsvisiten“ (Rote Nasen e.V.)</strong></p>



<p class="has-black-color has-text-color">Der Verein Rote Nasen e.V. wurde 2003 gegründet. Die Clownsvisiten insbesondere in Krankenhäusern helfen den dort behandelten Kindern und Jugendlichen dabei, die Zeit dort besser zu überstehen und für eine kleine Weile den anstrengenden und bisweilen schmerzhaften Alltag mit ihren Erkrankungen zu vergessen.</p>



<p class="has-black-color has-text-color">Die Clownsvisiten stärken die psychosoziale Gesundheit der jungen Patienten und tragen damit auch zu einer kindgerechten Krankenhausversorgung bei.</p>

<p>Miete Therapieräume (Lebensnah e.V.) Der Verein bietet unter anderem spezialisierte Angebote für Menschen mit Hör- und Spracheinschränkungen, darunter viele Kinder. Um ihnen möglichst effizient zu helfen und ihrem Umfeld (Familie, Freunde, Erzieher/innen, Lehrer/innen) die speziellen Bedürfnisse näherzubringen, werden durch den</p>
