{"id":448,"date":"2022-09-26T16:59:07","date_gmt":"2022-09-26T14:59:07","guid":{"rendered":"https:\/\/www.eduard-winter-kinderstiftung.berlin\/wordpress\/?page_id=448"},"modified":"2022-09-26T16:59:08","modified_gmt":"2022-09-26T14:59:08","slug":"projekte-2015","status":"publish","type":"page","link":"https:\/\/www.eduard-winter-kinderstiftung.berlin\/wordpress\/projekte-2015\/","title":{"rendered":"Projekte 2015"},"content":{"rendered":"\n<div class=\"wp-block-image\"><figure class=\"alignright is-resized\"><a href=\"http:\/\/www.eduard-winter-kinderstiftung.berlin\/wordpress\/wp-content\/uploads\/2022\/08\/Sonnenhof.jpg\"><img loading=\"lazy\" src=\"http:\/\/www.eduard-winter-kinderstiftung.berlin\/wordpress\/wp-content\/uploads\/2022\/08\/Sonnenhof-300x119.jpg\" alt=\"\" class=\"wp-image-392\" width=\"225\" height=\"89\" srcset=\"https:\/\/www.eduard-winter-kinderstiftung.berlin\/wordpress\/wp-content\/uploads\/2022\/08\/Sonnenhof-300x119.jpg 300w, https:\/\/www.eduard-winter-kinderstiftung.berlin\/wordpress\/wp-content\/uploads\/2022\/08\/Sonnenhof.jpg 503w\" sizes=\"(max-width: 225px) 100vw, 225px\" \/><\/a><\/figure><\/div>\n\n\n\n<p class=\"has-black-color has-text-color\"><strong>&#8222;Aufstockung des Wei\u00dfen Hauses&#8220; mit dem evangelischen Kinderheim Sonnenhof e.V.<\/strong><\/p>\n\n\n\n<p class=\"has-black-color has-text-color\">Der Verein hat sich auf die Betreuung von Kindern mit vorgeburtlicher Alkoholsch\u00e4digung (FASD) spezialisiert, welche dort zusammen mit nicht behinderten Kindern in kleinen &#8222;familienanalogen&#8220; Wohngruppen leben.<\/p>\n\n\n\n<p class=\"has-black-color has-text-color\">Durch unsere Spende wurde die Aufstockung des sogenannten &#8222;Wei\u00dfen Hauses&#8220; auf dem Gel\u00e4nde des evangelischen Kinderheims Sonnenhof erm\u00f6glicht. Damit konnte sichergestellt werden, dass nach Abschluss der Bauarbeiten die sehr beengte Wohnsituation der darin untergebrachten 6 Kinder deutlich verbessert und nunmehr auch eine eigene kleine Wohneinheit f\u00fcr die die Gruppe betreuende innewohnende Erzieherin geschaffen wurde. Es wurde Raum f\u00fcr ein weiteres Kinderzimmer frei, das dringend ben\u00f6tigt wurde. Nunmehr k\u00f6nnen die dort lebenden Kinder die verbesserte Lebenssituation mit ihrer Erzieherin erfahren und sich nochmehr als eine kleine Familie f\u00fchlen.<\/p>\n\n\n\n<div class=\"wp-block-image\"><figure class=\"alignright is-resized\"><a href=\"http:\/\/www.eduard-winter-kinderstiftung.berlin\/wordpress\/wp-content\/uploads\/2022\/08\/MJI.jpg\"><img loading=\"lazy\" src=\"http:\/\/www.eduard-winter-kinderstiftung.berlin\/wordpress\/wp-content\/uploads\/2022\/08\/MJI.jpg\" alt=\"\" class=\"wp-image-388\" width=\"133\" height=\"150\"\/><\/a><\/figure><\/div>\n\n\n\n<p class=\"has-black-color has-text-color\"><strong>&#8222;PC-gest\u00fctzte Hausaufgabenhilfe&#8220; mit dem Multikulturelles Jugend- und Integrationszentrum (MJI) e.V.<\/strong><\/p>\n\n\n\n<p class=\"has-black-color has-text-color\">Der MJI e.V. will einen Beitrag zur Integration von Migranten leisten und den sozialen Zusammenhalt in unserer Ge-sellschaft f\u00f6rdern. Durch Unterst\u00fctzung der Kinder und Jugendlichen mit und ohne Migrationshintergrund tr\u00e4gt er dazu bei, insbesondere Kindern aus sozial schwachen Familien bessere Zukunftsperspektiven zu erm\u00f6glichen.<\/p>\n\n\n\n<p class=\"has-black-color has-text-color\">Durch unsere Spende f\u00f6rderten wir das integrative Nachhilfeprojekt des Vereins. Bei dieser speziellen Form der Unter-st\u00fctzung in schulischen Belangen, seien es Hausaufgabenprobleme oder generelle Lernschwierigkeiten, wird an 4 Tagen in der Woche f\u00fcr jeweils insgesamt 4 Stunden allen Kindern und Jugendlichen die M\u00f6glichkeit gegeben, unter fachkundiger ehrenamtlicher Betreuung und mit Unterst\u00fctzung durch den Einsatz geeigneter Computerprogramme ihre Arbeiten zu erledigen und die ben\u00f6tigte Hilfestellung zu bekommen. Die hierdurch erlangte Sicherheit in schulischen Belangen verbessert nicht nur die Notensituation der Kinder, sie st\u00e4rkt auch deren Selbstbewusstsein nachhaltig.<\/p>\n","protected":false},"excerpt":{"rendered":"<p>&#8222;Aufstockung des Wei\u00dfen Hauses&#8220; mit dem evangelischen Kinderheim Sonnenhof e.V. Der Verein hat sich auf die Betreuung von Kindern mit vorgeburtlicher Alkoholsch\u00e4digung (FASD) spezialisiert, welche dort zusammen mit nicht behinderten Kindern in kleinen &#8222;familienanalogen&#8220; Wohngruppen leben. Durch unsere Spende wurde<\/p>\n","protected":false},"author":1,"featured_media":0,"parent":0,"menu_order":0,"comment_status":"closed","ping_status":"closed","template":"","meta":[],"_links":{"self":[{"href":"https:\/\/www.eduard-winter-kinderstiftung.berlin\/wordpress\/wp-json\/wp\/v2\/pages\/448"}],"collection":[{"href":"https:\/\/www.eduard-winter-kinderstiftung.berlin\/wordpress\/wp-json\/wp\/v2\/pages"}],"about":[{"href":"https:\/\/www.eduard-winter-kinderstiftung.berlin\/wordpress\/wp-json\/wp\/v2\/types\/page"}],"author":[{"embeddable":true,"href":"https:\/\/www.eduard-winter-kinderstiftung.berlin\/wordpress\/wp-json\/wp\/v2\/users\/1"}],"replies":[{"embeddable":true,"href":"https:\/\/www.eduard-winter-kinderstiftung.berlin\/wordpress\/wp-json\/wp\/v2\/comments?post=448"}],"version-history":[{"count":1,"href":"https:\/\/www.eduard-winter-kinderstiftung.berlin\/wordpress\/wp-json\/wp\/v2\/pages\/448\/revisions"}],"predecessor-version":[{"id":450,"href":"https:\/\/www.eduard-winter-kinderstiftung.berlin\/wordpress\/wp-json\/wp\/v2\/pages\/448\/revisions\/450"}],"wp:attachment":[{"href":"https:\/\/www.eduard-winter-kinderstiftung.berlin\/wordpress\/wp-json\/wp\/v2\/media?parent=448"}],"curies":[{"name":"wp","href":"https:\/\/api.w.org\/{rel}","templated":true}]}}

<div class="wp-block-image"><figure class="alignright is-resized"><a href="http://www.eduard-winter-kinderstiftung.berlin/wordpress/wp-content/uploads/2022/08/Sonnenhof.jpg"><img loading="lazy" src="http://www.eduard-winter-kinderstiftung.berlin/wordpress/wp-content/uploads/2022/08/Sonnenhof-300x119.jpg" alt="" class="wp-image-392" width="225" height="89" srcset="https://www.eduard-winter-kinderstiftung.berlin/wordpress/wp-content/uploads/2022/08/Sonnenhof-300x119.jpg 300w, https://www.eduard-winter-kinderstiftung.berlin/wordpress/wp-content/uploads/2022/08/Sonnenhof.jpg 503w" sizes="(max-width: 225px) 100vw, 225px" /></a></figure></div>



<p class="has-black-color has-text-color"><strong>&#8222;Aufstockung des Weißen Hauses&#8220; mit dem evangelischen Kinderheim Sonnenhof e.V.</strong></p>



<p class="has-black-color has-text-color">Der Verein hat sich auf die Betreuung von Kindern mit vorgeburtlicher Alkoholschädigung (FASD) spezialisiert, welche dort zusammen mit nicht behinderten Kindern in kleinen &#8222;familienanalogen&#8220; Wohngruppen leben.</p>



<p class="has-black-color has-text-color">Durch unsere Spende wurde die Aufstockung des sogenannten &#8222;Weißen Hauses&#8220; auf dem Gelände des evangelischen Kinderheims Sonnenhof ermöglicht. Damit konnte sichergestellt werden, dass nach Abschluss der Bauarbeiten die sehr beengte Wohnsituation der darin untergebrachten 6 Kinder deutlich verbessert und nunmehr auch eine eigene kleine Wohneinheit für die die Gruppe betreuende innewohnende Erzieherin geschaffen wurde. Es wurde Raum für ein weiteres Kinderzimmer frei, das dringend benötigt wurde. Nunmehr können die dort lebenden Kinder die verbesserte Lebenssituation mit ihrer Erzieherin erfahren und sich nochmehr als eine kleine Familie fühlen.</p>



<div class="wp-block-image"><figure class="alignright is-resized"><a href="http://www.eduard-winter-kinderstiftung.berlin/wordpress/wp-content/uploads/2022/08/MJI.jpg"><img loading="lazy" src="http://www.eduard-winter-kinderstiftung.berlin/wordpress/wp-content/uploads/2022/08/MJI.jpg" alt="" class="wp-image-388" width="133" height="150"/></a></figure></div>



<p class="has-black-color has-text-color"><strong>&#8222;PC-gestützte Hausaufgabenhilfe&#8220; mit dem Multikulturelles Jugend- und Integrationszentrum (MJI) e.V.</strong></p>



<p class="has-black-color has-text-color">Der MJI e.V. will einen Beitrag zur Integration von Migranten leisten und den sozialen Zusammenhalt in unserer Ge-sellschaft fördern. Durch Unterstützung der Kinder und Jugendlichen mit und ohne Migrationshintergrund trägt er dazu bei, insbesondere Kindern aus sozial schwachen Familien bessere Zukunftsperspektiven zu ermöglichen.</p>



<p class="has-black-color has-text-color">Durch unsere Spende förderten wir das integrative Nachhilfeprojekt des Vereins. Bei dieser speziellen Form der Unter-stützung in schulischen Belangen, seien es Hausaufgabenprobleme oder generelle Lernschwierigkeiten, wird an 4 Tagen in der Woche für jeweils insgesamt 4 Stunden allen Kindern und Jugendlichen die Möglichkeit gegeben, unter fachkundiger ehrenamtlicher Betreuung und mit Unterstützung durch den Einsatz geeigneter Computerprogramme ihre Arbeiten zu erledigen und die benötigte Hilfestellung zu bekommen. Die hierdurch erlangte Sicherheit in schulischen Belangen verbessert nicht nur die Notensituation der Kinder, sie stärkt auch deren Selbstbewusstsein nachhaltig.</p>

<p>&#8222;Aufstockung des Weißen Hauses&#8220; mit dem evangelischen Kinderheim Sonnenhof e.V. Der Verein hat sich auf die Betreuung von Kindern mit vorgeburtlicher Alkoholschädigung (FASD) spezialisiert, welche dort zusammen mit nicht behinderten Kindern in kleinen &#8222;familienanalogen&#8220; Wohngruppen leben. Durch unsere Spende wurde</p>
