{"id":445,"date":"2022-09-26T16:57:21","date_gmt":"2022-09-26T14:57:21","guid":{"rendered":"https:\/\/www.eduard-winter-kinderstiftung.berlin\/wordpress\/?page_id=445"},"modified":"2022-09-26T16:57:22","modified_gmt":"2022-09-26T14:57:22","slug":"projekte-2016","status":"publish","type":"page","link":"https:\/\/www.eduard-winter-kinderstiftung.berlin\/wordpress\/projekte-2016\/","title":{"rendered":"Projekte 2016"},"content":{"rendered":"\n<div class=\"wp-block-image\"><figure class=\"alignright is-resized\"><a href=\"http:\/\/www.eduard-winter-kinderstiftung.berlin\/wordpress\/wp-content\/uploads\/2022\/08\/Bjoern_Schulz_Stiftung.jpg\"><img loading=\"lazy\" src=\"http:\/\/www.eduard-winter-kinderstiftung.berlin\/wordpress\/wp-content\/uploads\/2022\/08\/Bjoern_Schulz_Stiftung-300x156.jpg\" alt=\"\" class=\"wp-image-381\" width=\"225\" height=\"117\" srcset=\"https:\/\/www.eduard-winter-kinderstiftung.berlin\/wordpress\/wp-content\/uploads\/2022\/08\/Bjoern_Schulz_Stiftung-300x156.jpg 300w, https:\/\/www.eduard-winter-kinderstiftung.berlin\/wordpress\/wp-content\/uploads\/2022\/08\/Bjoern_Schulz_Stiftung.jpg 384w\" sizes=\"(max-width: 225px) 100vw, 225px\" \/><\/a><\/figure><\/div>\n\n\n\n<p class=\"has-black-color has-text-color\"><strong>&#8222;Umbau des Gartenhauses&#8220; der Bj\u00f6rn Schulz Stiftung<\/strong><\/p>\n\n\n\n<p class=\"has-black-color has-text-color\">Die Bj\u00f6rn Schulz Stiftung begleitet Familien mit lebensverk\u00fcrzend erkrankten Kindern im Alter von 0 bis 27 Jahren.<\/p>\n\n\n\n<p class=\"has-black-color has-text-color\">Durch unsere Spende finanzierten wir den Umbau des Gartenhauses auf dem Gel\u00e4nde des Sonnenhof-Hospizes der Bjr\u00f6n Schulz Stiftung. Da das Gartenhaus als sogenannter Altbestand nicht behindertengerecht war und insbesondere zu schmale T\u00fcren und zu hohe T\u00fcrschwellen das Betreten mit einem Rollstuhl oder auch Pflegebett unm\u00f6glich machten, haben wir uns dazu entschlossen, die Umbaukosten zu tragen, um zuk\u00fcnftig eine flexible Nutzung des Hauses zu erm\u00f6glichen.<\/p>\n\n\n\n<p class=\"has-black-color has-text-color\">Seit Abschluss der Bauarbeiten Ende 2016 kann das Haus nun nicht nur f\u00fcr den t\u00e4glichen Morgenkreis des Musik-therapeuten oder von verschienenen Kinder-Trauergruppen genutzt werden, es ist auch allen unter k\u00f6rperlichen Beeintr\u00e4chtigungen leidenden G\u00e4sten, Mitarbeitern und Ehreamtlichen zug\u00e4nglich.<\/p>\n\n\n\n<div class=\"wp-block-image\"><figure class=\"alignright is-resized\"><a href=\"http:\/\/www.eduard-winter-kinderstiftung.berlin\/wordpress\/wp-content\/uploads\/2022\/08\/Wildwasser.jpg\"><img loading=\"lazy\" src=\"http:\/\/www.eduard-winter-kinderstiftung.berlin\/wordpress\/wp-content\/uploads\/2022\/08\/Wildwasser.jpg\" alt=\"\" class=\"wp-image-396\" width=\"198\" height=\"150\"\/><\/a><\/figure><\/div>\n\n\n\n<p class=\"has-black-color has-text-color\"><strong>&#8222;M\u00f6blierung M\u00e4dchennotdienst&#8220; mit Wildwasser Arbeitsgemeinschaft gegen sexuellen Missbrauch an M\u00e4dchen e.V.<\/strong><\/p>\n\n\n\n<p class=\"has-black-color has-text-color\">Der Verein ist eine Arbeitsgemeinschaft gegen sexualisiserte Gewalt an M\u00e4dchen. Seine Angebote richten sich sowohl an M\u00e4dchen als auch an erwachsene Frauen, die als M\u00e4dchen oder Jugendliche sexualisierter Gewalt ausgesetzt waren, ebenso deren Angeh\u00f6rige und sie unterst\u00fctzende Personen. Zum Verein geh\u00f6rt auch der M\u00e4dchennotdienst f\u00fcr jugendliche M\u00e4dchen in Krisensituationen.<\/p>\n\n\n\n<p class=\"has-black-color has-text-color\">Durch unsere Spende erm\u00f6glichten wir die Neum\u00f6blierung der Wohnung des M\u00e4dchennotdienstes von Wildwasser e.V. Die dort zeitweise untergebrachten M\u00e4dchen k\u00f6nnen sich nun u. a. \u00fcber neue Schr\u00e4nke mit mehr Platz, bequeme Sessel und eine gem\u00fctliche Wohnk\u00fcche als zentralen Treffpunkt in der Wohnung freuen und somit hoffentlich etwas zur Ruhe kommen und die negativen Erfahrungen der Vergangenheit verarbeiten.<\/p>\n\n\n\n<div class=\"wp-block-image\"><figure class=\"alignright\"><a href=\"http:\/\/www.eduard-winter-kinderstiftung.berlin\/wordpress\/wp-content\/uploads\/2022\/08\/Die_Arche-e1662481789744.jpg\"><img loading=\"lazy\" width=\"200\" height=\"112\" src=\"http:\/\/www.eduard-winter-kinderstiftung.berlin\/wordpress\/wp-content\/uploads\/2022\/08\/Die_Arche-e1662481789744.jpg\" alt=\"\" class=\"wp-image-382\"\/><\/a><\/figure><\/div>\n\n\n\n<p class=\"has-black-color has-text-color\"><strong>&#8222;Weihnachtsfeier&#8220; mit &#8222;Die Arche&#8220; Christliches Kinder- und Jugendwerk e.V.<\/strong><\/p>\n\n\n\n<p class=\"has-black-color has-text-color\">Der Verein engagiert sich besonders f\u00fcr Kinder aus sozial benachteiligten Verh\u00e4ltnissen. An seinen Standorten bietet er verschiedene Angebote rund um die Themen Essen, Lernen, Freizeit, Ferien, Freunde und Familie an.<\/p>\n\n\n\n<p class=\"has-black-color has-text-color\">Durch unsere Spende f\u00f6rderten wir zum Jahrsende 2016 gern ein gro\u00dfes Weihnachtsessen des Vereins an dem Stand-ort in Berlin-Hellersdorf. Dort feierten etwa 300 Kinder mit einem leckeren, selbstgew\u00e4hlten Essen und einigen selbst einstudierten Auff\u00fchrungen ein fr\u00f6hliches Fest.<\/p>\n","protected":false},"excerpt":{"rendered":"<p>&#8222;Umbau des Gartenhauses&#8220; der Bj\u00f6rn Schulz Stiftung Die Bj\u00f6rn Schulz Stiftung begleitet Familien mit lebensverk\u00fcrzend erkrankten Kindern im Alter von 0 bis 27 Jahren. Durch unsere Spende finanzierten wir den Umbau des Gartenhauses auf dem Gel\u00e4nde des Sonnenhof-Hospizes der Bjr\u00f6n<\/p>\n","protected":false},"author":1,"featured_media":0,"parent":0,"menu_order":0,"comment_status":"closed","ping_status":"closed","template":"","meta":[],"_links":{"self":[{"href":"https:\/\/www.eduard-winter-kinderstiftung.berlin\/wordpress\/wp-json\/wp\/v2\/pages\/445"}],"collection":[{"href":"https:\/\/www.eduard-winter-kinderstiftung.berlin\/wordpress\/wp-json\/wp\/v2\/pages"}],"about":[{"href":"https:\/\/www.eduard-winter-kinderstiftung.berlin\/wordpress\/wp-json\/wp\/v2\/types\/page"}],"author":[{"embeddable":true,"href":"https:\/\/www.eduard-winter-kinderstiftung.berlin\/wordpress\/wp-json\/wp\/v2\/users\/1"}],"replies":[{"embeddable":true,"href":"https:\/\/www.eduard-winter-kinderstiftung.berlin\/wordpress\/wp-json\/wp\/v2\/comments?post=445"}],"version-history":[{"count":1,"href":"https:\/\/www.eduard-winter-kinderstiftung.berlin\/wordpress\/wp-json\/wp\/v2\/pages\/445\/revisions"}],"predecessor-version":[{"id":447,"href":"https:\/\/www.eduard-winter-kinderstiftung.berlin\/wordpress\/wp-json\/wp\/v2\/pages\/445\/revisions\/447"}],"wp:attachment":[{"href":"https:\/\/www.eduard-winter-kinderstiftung.berlin\/wordpress\/wp-json\/wp\/v2\/media?parent=445"}],"curies":[{"name":"wp","href":"https:\/\/api.w.org\/{rel}","templated":true}]}}

<div class="wp-block-image"><figure class="alignright is-resized"><a href="http://www.eduard-winter-kinderstiftung.berlin/wordpress/wp-content/uploads/2022/08/Bjoern_Schulz_Stiftung.jpg"><img loading="lazy" src="http://www.eduard-winter-kinderstiftung.berlin/wordpress/wp-content/uploads/2022/08/Bjoern_Schulz_Stiftung-300x156.jpg" alt="" class="wp-image-381" width="225" height="117" srcset="https://www.eduard-winter-kinderstiftung.berlin/wordpress/wp-content/uploads/2022/08/Bjoern_Schulz_Stiftung-300x156.jpg 300w, https://www.eduard-winter-kinderstiftung.berlin/wordpress/wp-content/uploads/2022/08/Bjoern_Schulz_Stiftung.jpg 384w" sizes="(max-width: 225px) 100vw, 225px" /></a></figure></div>



<p class="has-black-color has-text-color"><strong>&#8222;Umbau des Gartenhauses&#8220; der Björn Schulz Stiftung</strong></p>



<p class="has-black-color has-text-color">Die Björn Schulz Stiftung begleitet Familien mit lebensverkürzend erkrankten Kindern im Alter von 0 bis 27 Jahren.</p>



<p class="has-black-color has-text-color">Durch unsere Spende finanzierten wir den Umbau des Gartenhauses auf dem Gelände des Sonnenhof-Hospizes der Bjrön Schulz Stiftung. Da das Gartenhaus als sogenannter Altbestand nicht behindertengerecht war und insbesondere zu schmale Türen und zu hohe Türschwellen das Betreten mit einem Rollstuhl oder auch Pflegebett unmöglich machten, haben wir uns dazu entschlossen, die Umbaukosten zu tragen, um zukünftig eine flexible Nutzung des Hauses zu ermöglichen.</p>



<p class="has-black-color has-text-color">Seit Abschluss der Bauarbeiten Ende 2016 kann das Haus nun nicht nur für den täglichen Morgenkreis des Musik-therapeuten oder von verschienenen Kinder-Trauergruppen genutzt werden, es ist auch allen unter körperlichen Beeinträchtigungen leidenden Gästen, Mitarbeitern und Ehreamtlichen zugänglich.</p>



<div class="wp-block-image"><figure class="alignright is-resized"><a href="http://www.eduard-winter-kinderstiftung.berlin/wordpress/wp-content/uploads/2022/08/Wildwasser.jpg"><img loading="lazy" src="http://www.eduard-winter-kinderstiftung.berlin/wordpress/wp-content/uploads/2022/08/Wildwasser.jpg" alt="" class="wp-image-396" width="198" height="150"/></a></figure></div>



<p class="has-black-color has-text-color"><strong>&#8222;Möblierung Mädchennotdienst&#8220; mit Wildwasser Arbeitsgemeinschaft gegen sexuellen Missbrauch an Mädchen e.V.</strong></p>



<p class="has-black-color has-text-color">Der Verein ist eine Arbeitsgemeinschaft gegen sexualisiserte Gewalt an Mädchen. Seine Angebote richten sich sowohl an Mädchen als auch an erwachsene Frauen, die als Mädchen oder Jugendliche sexualisierter Gewalt ausgesetzt waren, ebenso deren Angehörige und sie unterstützende Personen. Zum Verein gehört auch der Mädchennotdienst für jugendliche Mädchen in Krisensituationen.</p>



<p class="has-black-color has-text-color">Durch unsere Spende ermöglichten wir die Neumöblierung der Wohnung des Mädchennotdienstes von Wildwasser e.V. Die dort zeitweise untergebrachten Mädchen können sich nun u. a. über neue Schränke mit mehr Platz, bequeme Sessel und eine gemütliche Wohnküche als zentralen Treffpunkt in der Wohnung freuen und somit hoffentlich etwas zur Ruhe kommen und die negativen Erfahrungen der Vergangenheit verarbeiten.</p>



<div class="wp-block-image"><figure class="alignright"><a href="http://www.eduard-winter-kinderstiftung.berlin/wordpress/wp-content/uploads/2022/08/Die_Arche-e1662481789744.jpg"><img loading="lazy" width="200" height="112" src="http://www.eduard-winter-kinderstiftung.berlin/wordpress/wp-content/uploads/2022/08/Die_Arche-e1662481789744.jpg" alt="" class="wp-image-382"/></a></figure></div>



<p class="has-black-color has-text-color"><strong>&#8222;Weihnachtsfeier&#8220; mit &#8222;Die Arche&#8220; Christliches Kinder- und Jugendwerk e.V.</strong></p>



<p class="has-black-color has-text-color">Der Verein engagiert sich besonders für Kinder aus sozial benachteiligten Verhältnissen. An seinen Standorten bietet er verschiedene Angebote rund um die Themen Essen, Lernen, Freizeit, Ferien, Freunde und Familie an.</p>



<p class="has-black-color has-text-color">Durch unsere Spende förderten wir zum Jahrsende 2016 gern ein großes Weihnachtsessen des Vereins an dem Stand-ort in Berlin-Hellersdorf. Dort feierten etwa 300 Kinder mit einem leckeren, selbstgewählten Essen und einigen selbst einstudierten Aufführungen ein fröhliches Fest.</p>

<p>&#8222;Umbau des Gartenhauses&#8220; der Björn Schulz Stiftung Die Björn Schulz Stiftung begleitet Familien mit lebensverkürzend erkrankten Kindern im Alter von 0 bis 27 Jahren. Durch unsere Spende finanzierten wir den Umbau des Gartenhauses auf dem Gelände des Sonnenhof-Hospizes der Bjrön</p>
