{"id":23,"date":"2015-05-20T12:36:39","date_gmt":"2015-05-20T10:36:39","guid":{"rendered":"http:\/\/www.eduard-winter-kinderstiftung.berlin\/wordpress\/?page_id=23"},"modified":"2025-01-24T12:02:27","modified_gmt":"2025-01-24T11:02:27","slug":"impressum","status":"publish","type":"page","link":"https:\/\/www.eduard-winter-kinderstiftung.berlin\/wordpress\/impressum\/","title":{"rendered":"Impressum"},"content":{"rendered":"<p><span style=\"color: #000000;\"><strong>Anschrift<\/strong><\/span><\/p>\n<p><span style=\"color: #000000;\">Eduard Winter Kinderstiftung Berlin<\/span><\/p>\n<p><span style=\"color: #000000;\">Grolmanstra\u00dfe 39<\/span><\/p>\n<p><span style=\"color: #000000;\">10623 Berlin<\/span><\/p>\n<p><span style=\"color: #000000;\">Telefon: 030 \/ 88724630<\/span><\/p>\n<p><span style=\"color: #000000;\">E-Mail: projekte@ewks.berlin<\/span><\/p>\n<p><span style=\"color: #000000;\"><strong>Vorstand der Stiftung<\/strong><\/span><\/p>\n<p><span style=\"color: #000000;\">Markus Wedel<\/span><\/p>\n<p><span style=\"color: #000000;\"><strong>Kuratorium der Stiftung<\/strong><\/span><\/p>\n<p><span style=\"color: #000000;\">Madeleine Winter-Schulze (Stifterin)<\/span><\/p>\n<p><span style=\"color: #000000;\">Dr. Stefan M\u00e4ger (Vorsitzender)<\/span><\/p>\n<p><span style=\"color: #000000;\">Charlotte Wedel (stellvertretende Vorsitzende)<\/span><\/p>\n<p><span style=\"color: #000000;\">Isabell Werth (Mitglied)<\/span><\/p>\n<h4><span style=\"color: #000000;\">Haftungsausschluss<\/span><\/h4>\n<p class=\"bodytext\"><span style=\"color: #000000;\">Die Inhalte dieser Webseite werden mit gr\u00f6\u00dftm\u00f6glicher Sorgfalt recherchiert und implementiert. Fehler im Bearbeitungsvorgang sind dennoch nicht auszuschlie\u00dfen. Hinweise und Korrekturen senden Sie bitte an die oben aufgef\u00fchrte Adresse der Eduard Winter Kinderstiftung Berlin.<\/span><br \/>\n<span style=\"color: #000000;\"> Eine Haftung f\u00fcr die Richtigkeit, Vollst\u00e4ndigkeit und Aktualit\u00e4t dieser Webseite kann trotz sorgf\u00e4ltiger Pr\u00fcfung nicht \u00fcbernommen werden. Die Eduard Winter Kinderstiftung Berlin \u00fcbernimmt insbesondere keinerlei Haftung f\u00fcr eventuelle Sch\u00e4den oder Konsequenzen, die durch die direkte oder indirekte Nutzung der angebotenen Inhalte entstehen.<\/span><\/p>\n<p><span style=\"color: #000000;\">Die Eduard Winter Kinderstiftung Berlin ist als Inhaltsanbieter f\u00fcr die eigenen Inhalte, die sie zur Nutzung bereith\u00e4lt, nach den allgemeinen Gesetzen verantwortlich. Von diesen eigenen Inhalten sind Querverweise (&#8222;externe Links&#8220;) auf die von anderen Anbietern bereitgehaltenen Inhalte zu unterscheiden. Diese fremden Inhalte stammen weder von der Eduard Winter Kinderstiftung Berlin noch hat die Eduard Winter Kinderstiftung Berlin die M\u00f6glichkeit, den Inhalt von Seiten Dritter zu beeinflussen. Die Inhalte fremder Seiten, auf die die Eduard Winter Kinderstiftung Berlin mittels Link hinweist, spiegeln nicht die Meinung der Eduard Winter Kinderstiftung Berlin wider, sondern dienen lediglich der Information und der Darstellung von Zusammenh\u00e4ngen. Die Eduard Winter Kinderstiftung Berlin haftet nicht f\u00fcr fremde Inhalte, auf die sie lediglich im oben genannten Sinne hinweist. Die Verantwortlichkeit liegt allein bei dem Anbieter der jeweiligen Inhalte.<\/span><\/p>\n<p><span style=\"color: #000000;\">Die hier verwendeten Bilder und Grafiken sowie alle weiteren Inhalte in jeglicher Form sind urheberrechtlich gesch\u00fctzt. Diese Seiten d\u00fcrfen ohne Genehmigung weder vervielf\u00e4ltigt, ge\u00e4ndert noch verbreitet werden. Jede nicht genehmigte Verwendung von Bild- und Fotomaterial wird zur Anzeige gebracht!<\/span><\/p>\n","protected":false},"excerpt":{"rendered":"<p>Anschrift Eduard Winter Kinderstiftung Berlin Grolmanstra\u00dfe 39 10623 Berlin Telefon: 030 \/ 88724630 E-Mail: projekte@ewks.berlin Vorstand der Stiftung Markus Wedel Kuratorium der Stiftung Madeleine Winter-Schulze (Stifterin) Dr. Stefan M\u00e4ger (Vorsitzender) Charlotte Wedel (stellvertretende Vorsitzende) Isabell Werth (Mitglied) Haftungsausschluss Die Inhalte<\/p>\n","protected":false},"author":1,"featured_media":0,"parent":0,"menu_order":0,"comment_status":"open","ping_status":"open","template":"page-templates\/template-contact.php","meta":[],"_links":{"self":[{"href":"https:\/\/www.eduard-winter-kinderstiftung.berlin\/wordpress\/wp-json\/wp\/v2\/pages\/23"}],"collection":[{"href":"https:\/\/www.eduard-winter-kinderstiftung.berlin\/wordpress\/wp-json\/wp\/v2\/pages"}],"about":[{"href":"https:\/\/www.eduard-winter-kinderstiftung.berlin\/wordpress\/wp-json\/wp\/v2\/types\/page"}],"author":[{"embeddable":true,"href":"https:\/\/www.eduard-winter-kinderstiftung.berlin\/wordpress\/wp-json\/wp\/v2\/users\/1"}],"replies":[{"embeddable":true,"href":"https:\/\/www.eduard-winter-kinderstiftung.berlin\/wordpress\/wp-json\/wp\/v2\/comments?post=23"}],"version-history":[{"count":40,"href":"https:\/\/www.eduard-winter-kinderstiftung.berlin\/wordpress\/wp-json\/wp\/v2\/pages\/23\/revisions"}],"predecessor-version":[{"id":462,"href":"https:\/\/www.eduard-winter-kinderstiftung.berlin\/wordpress\/wp-json\/wp\/v2\/pages\/23\/revisions\/462"}],"wp:attachment":[{"href":"https:\/\/www.eduard-winter-kinderstiftung.berlin\/wordpress\/wp-json\/wp\/v2\/media?parent=23"}],"curies":[{"name":"wp","href":"https:\/\/api.w.org\/{rel}","templated":true}]}}